) = 3*u - 1. Let y(n) = 4*n + 58. Let q be y(-12). Let m be 24/(-120) - 38/q. Calculate w(m).
-13
Let t(d) = 5 + 5*d**2 + 0*d**3 + d**3 + 2*d + 0*d**3. Let v = 2076 + -2081. Determine t(v).
-5
Let b = -28 + 12. Let q be (-2 - 2)*5/b*-4. Let r(m) = m**3 + 6*m**2 + 4*m - 6. Calculate r(q).
-1
Let o(r) = -3*r**2 + 8*r + 7. Let w be o(4). Let x(l) = l**3 - l**2 + l - 2. Let k(d) = -5*d**3 + 3*d**2 - 4*d + 9. Let i(q) = w*x(q) - 2*k(q). Calculate i(2).
18
Let v(x) = -x. Let y be v(-5). Let z = y - 3. Let p(h) be the first derivative of 3*h**2/2 - h - 17. What is p(z)?
5
Suppose 0 = -2*t - 29 + 37. Let n(i) = 4*i + 0 - 2*i + 1 - 4. What is n(t)?
5
Let l(a) be the third derivative of -a**6/120 - a**5/30 - a**4/24 - a**2. Suppose -4*u + 4 = -0. Suppose -u = -3*h - 4. Determine l(h).
0
Suppose p + p = -5*s + 10, -s - 20 = -4*p. Let w(v) = -v**2 + 16. Calculate w(s).
16
Let x(b) be the first derivative of b**4/4 + 2*b**3 - 5*b**2/2 - 8*b - 152. Give x(-6).
22
Let r(o) = 3*o**2 + 132*o + 257. Let s be r(-2). Suppose -2*d = -0*d - 8. Let m(w) = 7*w - 6 - d*w - 1. What is m(s)?
8
Let w(k) = 16*k - 3. Let y(a) = 14*a - 3. Let n be 216/40 - (-12)/20. Let p(g) = n*y(g) - 5*w(g). Suppose -x + 4*i = 0, -9 = -2*x + i - 2. What is p(x)?
13
Let t(z) = -z + 1. Let q(g) = 3*g + 1. Let u(k) = -2*q(k) - 7*t(k). Determine u(3).
-6
Let k(d) be the first derivative of 11*d + 13 + 5/2*d**2. Let g(t) = t. Let s(c) = 6*g(c) - k(c). Give s(0).
-11
Let t(n) = 10*n + 3. Let z be -1 + -3 + (-5)/(-5). Let u be (-1)/z*(1 - 10). Give t(u).
-27
Let h be 1/5 - (-74)/5. Let s = -10 + h. Let n(v) = 1 - 2*v**2 + 0*v**2 + v**2 - s*v**2. What is n(1)?
-5
Suppose 41 = 7*w - 36. Let i(a) be the first derivative of -2*a**2 - 2*a - 2. Let d(p) = 8*p + 4. Let k(h) = w*i(h) + 6*d(h). Calculate k(-2).
-6
Let z(d) = 54*d - 2. Let w(c) = -23*c + 1. Let k(p) = -7*w(p) - 3*z(p). Calculate k(-8).
7
Let s(d) = -d**2 + 10*d - 4. Let x = 319 - 310. Give s(x).
5
Suppose p + 17 = 4*r, -10 = -6*r + r + 5*p. Let n(f) = -2*f + f**2 - f + r - f - 3*f. Calculate n(7).
5
Let c(n) = 0*n - 148 + 4*n - 174 + 344. What is c(-8)?
-10
Let i(c) = -c**3 + 5*c**2 + 4*c. Let u = -138 + 144. Calculate i(u).
-12
Let m(t) be the first derivative of -t**3/3 - 5*t**2/2 + t + 104. Give m(-4).
5
Let j(d) = d**3 + 5*d**2 + 4*d + 5. Let w be j(-4). Suppose -4*f + 9 = -n, 0 = -n + 5*f - 7 - w. Let a(k) = 2*k**2 - 3. Give a(n).
15
Let o(v) be the second derivative of -v**3 - v**2/2 - v. Let x(t) = t**3 + 8*t**2 - 8*t + 12. Let q be x(-9). Let a be q*(-2 + 35/15). What is o(a)?
-7
Let d(g) = 2*g**2 + 6*g - 2. Let n be d(-1). Let i(t) = -2. Let p(y) = -y + 1. Let c(x) = 3*i(x) + 2*p(x). Give c(n).
8
Let c(r) = 334*r - 642*r + 312*r + 25. Determine c(-7).
-3
Let k be (-58)/(-18) + 4/(-18). Suppose -4*m = -k*m + 5. Let h(l) = -l**2 + 92 - 99 - 3*l - 4*l. Calculate h(m).
3
Let a(g) = 3*g. Let z be (2/(-2) + -1)*50/(-25). Calculate a(z).
12
Let z(j) be the second derivative of -j**4/6 - j**3/2 + 9*j**2/2 - 132*j. Calculate z(3).
-18
Let o(a) = a**2 + 2*a. Let y(p) = 2*p**2 + p - 3. Let z(m) = o(m) - y(m). Give z(0).
3
Suppose -3*v + 1 = -0*v - 5*r, 2*v - 3*r - 1 = 0. Suppose 0 = -3*q - 0 - 3. Let o be v/q - (0 + 0). Let c(h) = 2*h**2 + h - 2. Determine c(o).
4
Let a(t) = -6*t**2 + 3*t**2 - 3 + 5*t + 2*t**3 + 2 - 3*t**3. Let b be 1/(-2)*(10 + -6 - 34). Let u be b/(-6)*8/5. Calculate a(u).
-5
Let u(q) = -21*q + 145 - 80 - 76 - 7*q**2. Let z(d) = 11*d**2 + 32*d + 17. Let l(k) = 8*u(k) + 5*z(k). Determine l(-8).
-3
Let o(m) = -57 + m + 51 - 2*m - 2*m. What is o(9)?
-33
Suppose 7*u - 2*u + 30 = 0. Let t(o) be the first derivative of -o**4/4 - 7*o**3/3 - 7*o**2/2 - 7*o + 1. Determine t(u).
-1
Let g(t) = t**2 + 19*t + 18. Let k be -3*(-138)/18*-1 + 5. Calculate g(k).
0
Suppose 514*k = 527*k - 52. Let r(t) = -10*t**2 + 11*t - 13. Let y(v) = -3*v**2 + 4*v - 4. Let n(l) = 2*r(l) - 7*y(l). Determine n(k).
-6
Let b(p) = p**3 + 13*p**2 - 15*p - 8. Let y be b(-14). Let j(f) = 7*f - 6. Calculate j(y).
36
Let l(r) = 17 + 18 + 13 - 49 - 18*r**2 - 3*r**2. Give l(1).
-22
Let s(m) = m - 1. Let g(y) = -2*y - 7. Let j(q) = g(q) + s(q). Calculate j(-4).
-4
Let b(m) = m**3 - 6*m**2 + 5*m - 2. Suppose -2*c = 24 + 26. Let k = c - -7. Let g be -2*(2 - k/(-4)). Determine b(g).
-2
Let p(q) be the third derivative of -q**4/8 + q**3/6 + 7*q**2 + 3. Calculate p(-1).
4
Let i = -367 + 363. Let k(g) = g**3 + 3*g**2 - 3*g + 3. What is k(i)?
-1
Suppose 0 = -4*h + 2*h + 18. Suppose h = 3*m + p + p, -4*m = 3*p - 12. Let d(u) = -m - 2 - 1 + 0 - u. Calculate d(-6).
0
Let z(i) = -11*i - 66. Let f(y) = -4*y - 25. Let o(j) = -8*f(j) + 3*z(j). Let a = -8 - -11. Suppose 2*w - 8 = 2*u, a*w + 2*u - 1 = 6. Give o(w).
-1
Suppose 0 = -38*a + 6*a + 96. Let k(v) = -v**2 + 5*v - 3. Give k(a).
3
Let h(b) = 125*b - 242*b + 116*b. Suppose 2*r = 7*r - 20. Give h(r).
-4
Let d(m) = -m**3 + 3*m**2 - 3*m - 2. Let n = -9 - -44. Let i = n + -32. What is d(i)?
-11
Let z(d) = d**3 - 5*d**2 + 2*d + 6. Let r be (-160)/(-26) - 44/286. What is z(r)?
54
Let p(c) = c**2 + 2*c. Let m(q) = 3*q**2 + 18*q - 2. Let j(i) = -m(i) + 5*p(i). Determine j(4).
2
Let k(l) be the third derivative of 30*l**2 + 1/120*l**6 + 1/24*l**4 + 0*l - 1/12*l**5 - 1/6*l**3 + 0. Calculate k(2).
-11
Suppose w + 2 = 4. Let h(a) = 0*a**2 + 6 - 1 + 0 - a**w - a. Let q = -9 + 9. Determine h(q).
5
Let c(d) = d**3 - 10*d**2 - 6. Suppose -4*m + 9*m - 50 = 0. Let p be c(m). Let h(k) = k**2 + 4*k - 7. Calculate h(p).
5
Let z(u) = 5*u**2 + 30*u - 4. Suppose -3 = q - k, 10*q + 4*k + 42 = 5*q. Let f be z(q). Let s(i) = -i**3 - 3*i**2 + 2*i + 6. Calculate s(f).
14
Let j(m) = -m + 1. Let c be ((-18)/(-24))/((-1)/(-8)). Let f = c + -9. Let h = f - -9. Determine j(h).
-5
Let n(b) = 283 - 5*b - 279 + 5*b + b. Calculate n(-6).
-2
Let d(z) = z**2 + 2. Let r be d(2). Let m(u) be the first derivative of -u**3/3 + 7*u**2/2 + 8*u - 261. What is m(r)?
14
Let r(o) be the first derivative of -o**2/2 - 41. Let n = 14 - 9. Determine r(n).
-5
Let x = -897 + 887. Let k(z) = 2*z**2 + 20*z + 1. Determine k(x).
1
Let n(t) = -6*t - 36. Let b be n(-7). Let m(q) = -3*q + 1. Let l be m(-3). Let r = b - l. Let u(y) = -y**2 - 5*y - 5. Calculate u(r).
-1
Let b(t) = -5*t - 19. Suppose 2*j + 53 = -5*r, -4*r - 2 = -5*j + 14. Let l(q) = -q - 5. Let h(o) = r*l(o) + 2*b(o). What is h(6)?
1
Let c(p) be the second derivative of p**4/4 - p**3/2 + 3*p**2/2 - 218*p + 3. Let d = -2 + 4. Give c(d).
9
Suppose 0 = 5*i + 3*m + m - 21, 3*m + 3 = 0. Let q(j) = i*j - 4*j**2 - 1 - 2 - 1 - j**3. Let f(h) = 3*h**2 - 105*h + 97. Let w be f(34). Give q(w).
-4
Let l(j) = 2*j + 6. Suppose 5*v - 3*d - 3 = 2*v, -1 = v + d. Suppose 0 = w - 2 - v. Let b be 5/((w - 1)*-1). Determine l(b).
-4
Suppose -2*p - 22 = -4*m, -1 = 2*m - 4*p + 3. Let j(h) = 3*h - 11. Calculate j(m).
13
Let s(a) be the second derivative of -a - 2/3*a**3 + 0 + 1/2*a**2. Let y be 2/(-10) - 209/(-95). Give s(y).
-7
Let c(p) = 6*p**2 - 5*p + 2. Let v be c(1). Let n be (0 + v)*1/3. Let i(t) = 11*t + 3. Let b(s) = -11*s - 2. Let j(f) = 4*b(f) + 3*i(f). Determine j(n).
-10
Let d = 346 + -348. Let k(s) = s. What is k(d)?
-2
Let l(f) = 4*f**2 + 4*f + 4. Let h(q) = -3*q**2 - 4*q - 4. Let t(b) = 5*h(b) + 4*l(b). Suppose 5*i + 19 = -16. Let v be (-6)/((21/2)/i). Determine t(v).
-4
Let o be 6/(-8) + 176/64. Suppose 12 = -z - o*z. Let s(k) = 16*k + 10. Let r(c) = -3*c - 2. Let m(h) = 11*r(h) + 2*s(h). Calculate m(z).
2
Let b(q) = -q**2 + 15*q + 17. Suppose 3*w - 25 = -4*f + 46, 5*f + 9 = 2*w. Give b(w).
-17
Let o(d) = 5*d - 30. Let l be 4/8*(-10)/(-15)*24. Calculate o(l).
10
Suppose 27*w = 25*w. Let s be w/(-1) + (-4)/2. Let g(n) = n**3 + n**2. Determine g(s).
-4
Let i(c) = c - 1. Let z(b) = -3*b. Let p(n) = 4*i(n) + z(n). Let v be 10/6*72/40. What is p(v)?
-1
Let h(z) be the first derivative of -z**2/2 + 7*z - 1. Suppose 4*n + m + 16 = 0, 4*n - 3*m + 13 = -19. Calculate h(n).
12
Let p(k) = -k**3 + 4*k**2 - 2*k + 1. Let u = 60 + -55. Suppose -5 = 5*o + u*w, -9*o + 5*w + 11 = -12*o. Give p(o).
4
Let o(y) = 23*y - 522. Let b be o(23). Let k(t) = t - 1. What is k(b)?
6
Let w(h) = -h**3 + 6*h**2 - 5*h - 4. Let l be 39/12 - 3/12. Suppose -l*q + 12 = 4*u - 20, -31 = -3*u - 4*q. Give w(u).
-4
Suppose -6*j = -83 + 59. Let u(x) = 2*x**3 - 8*x**2 - x 